ase 12, what is 327 - -4a6b?
5196
In base 4, what is 110133 - -1000230010?
1001000203
In base 6, what is -21012222 - -3352?
-21004430
In base 5, what is -10 - -1113240330?
1113240320
In base 3, what is -1020200212 - 20100?
-1020221012
In base 12, what is 27700a3 - -6?
27700a9
In base 15, what is 0 - 5486870?
-5486870
In base 2, what is -110000001001010011101 - -1100?
-110000001001010010001
In base 15, what is c - 47b6ac7?
-47b6aba
In base 6, what is -4 + -535134400?
-535134404
In base 15, what is -3 - -1432dde0?
1432dddc
In base 10, what is -30 - 800569?
-800599
In base 14, what is b5 + -d391c?
-d3847
In base 12, what is -14456 - b9?
-14553
In base 14, what is -23365 + -75b?
-23ac2
In base 7, what is -100125 + -5403?
-105531
In base 3, what is -121121101000012 + -12?
-121121101000101
In base 5, what is -1122 - 12103110?
-12104232
In base 2, what is -100 + -101100111100100011110?
-101100111100100100010
In base 14, what is 6291 + 156?
6407
In base 9, what is 6 + -87341868?
-87341862
In base 6, what is -212004 + 1105?
-210455
In base 15, what is 25729a4 - -c?
25729b1
In base 13, what is 28890 - -1ac3?
2a683
In base 11, what is 2024338 + -20?
2024318
In base 4, what is -33200220012 + -10?
-33200220022
In base 5, what is 230 + 1400042221?
1400043001
In base 10, what is 6807 - 2035?
4772
In base 16, what is 4 - -5b65a1f?
5b65a23
In base 13, what is 1ba9 - 174b?
45b
In base 9, what is -142776683 - 3?
-142776686
In base 9, what is 741153 + -5?
741147
In base 8, what is -52 + 66110054?
66110002
In base 4, what is 21332 - 11220113022?
-11220031030
In base 15, what is -aa8b + 36?
-aa55
In base 10, what is 133 - 755067?
-754934
In base 9, what is -114768 - -50?
-114718
In base 12, what is 4501 - -584?
4a85
In base 16, what is -1 - 1b92394?
-1b92395
In base 6, what is -44550020 + 203?
-44545413
In base 8, what is -271316 + 24163?
-245133
In base 13, what is -296bb30 - 7?
-296bb37
In base 12, what is 706455a + -2?
7064558
In base 13, what is -59a + 7350?
6a83
In base 5, what is 4413 + 240244?
300212
In base 11, what is -8 + 7497357?
749734a
In base 12, what is 0 - 3908015?
-3908015
In base 4, what is 12332101 - -11130?
13003231
In base 10, what is -249 + -176326?
-176575
In base 9, what is 31 + -4621?
-4580
In base 13, what is -229470c45 - -3?
-229470c42
In base 9, what is 625000453 - -5?
625000458
In base 2, what is -10101010101000110010011 + 1011?
-10101010101000110001000
In base 12, what is b7 - -5628?
5723
In base 8, what is 1 - 206702131?
-206702130
In base 14, what is 1 + 6c0cd8?
6c0cd9
In base 15, what is 1 - -2319b35?
2319b36
In base 9, what is 474 - -177860?
178444
In base 14, what is a14774 + 1?
a14775
In base 11, what is 7 - -168171a3?
168171aa
In base 4, what is -1223 - -131313303?
131312020
In base 10, what is 5 + 15777726?
15777731
In base 5, what is -12044 + 113441?
101342
In base 12, what is a521276 + -6?
a521270
In base 10, what is 177015294 - -2?
177015296
In base 10, what is 3 - -21916444?
21916447
In base 7, what is -104022564 - -1?
-104022563
In base 16, what is -3912b - 2a?
-39155
In base 2, what is -10000001010100001010010110 - -11?
-10000001010100001010010011
In base 10, what is 70 + -1564597?
-1564527
In base 9, what is -14218 + -11631?
-25850
In base 10, what is 4 + -2957720?
-2957716
In base 7, what is -2 - -14322301?
14322266
In base 15, what is 565c9 + e3?
566bc
In base 16, what is -36d564 - 6?
-36d56a
In base 7, what is -1504566130 - -1?
-1504566126
In base 16, what is -656868 + -5?
-65686d
In base 13, what is 21576 - 8b?
214b8
In base 11, what is 7 - 12a7772?
-12a7766
In base 14, what is -1 - 238d70?
-238d71
In base 7, what is 54 - 35326555?
-35326501
In base 9, what is -1176 - 67866?
-70153
In base 5, what is -104 - 2312004100?
-2312004204
In base 6, what is -12045441 + 22224?
-12023213
In base 8, what is -50 - -71567063?
71567013
In base 8, what is 5 - 21633476?
-21633471
In base 2, what is 1000 - -10011101101100011?
10011101101101011
In base 9, what is -126453 + -1854?
-128417
In base 9, what is 2 + 673861?
673863
In base 14, what is 6b + 9532?
959d
In base 11, what is -570 - 29a5?
-3465
In base 2, what is -1001 - -1000000001110001101101?
1000000001110001100100
In base 4, what is 21200300011 - 3?
21200300002
In base 12, what is 56 - -26612?
26668
In base 10, what is -265562 - -3?
-265559
In base 7, what is 206 + 1134356?
1134565
In base 6, what is 13 - 1442405?
-1442352
In base 9, what is -4 + -751260036?
-751260041
In base 6, what is -114534232 - -203?
-114534025
In base 13, what is 3 - 4c11890?
-4c1188a
In base 7, what is -3 + -14532352?
-14532355
In base 6, what is -12 + -2210134025?
-2210134041
In base 8, what is 11 - 230523455?
-230523444
In base 2, what is 1000101110100100 - 101111010?
1000101000101010
In base 12, what is 93 + -49a3a?
-49967
In base 16, what is -6f + 329f78?
329f09
In base 7, what is -3245 + 111164?
104616
In base 2, what is -11 - 100100110111111010010011?
-100100110111111010010110
In base 4, what is -3023332000122 - 10?
-3023332000132
In base 7, what is 3412104 - -542?
3412646
In base 15, what is a + -25b33d5?
-25b33ca
In base 3, what is -100201110012112 + 11?
-100201110012101
In base 5, what is -11301 + -1243223?
-1310024
In base 16, what is 7d400 - -51?
7d451
In base 8, what is -473 + 374055?
373362
In base 11, what is 147a2a - -36a?
148299
In base 5, what is 10102033412 - -10?
10102033422
In base 8, what is -56603533 - -2?
-56603531
In base 12, what is 60479a7 + 8?
60479b3
In base 12, what is -a - -4591186?
4591178
In base 8, what is -322 - 137112?
-137434
In base 5, what is -43 + -1114132414?
-1114133012
In base 13, what is -bc63 + -6c?
-c002
In base 13, what is 174 + -24405?
-24261
In base 14, what is -42c7 + 1a?
-42ab
In base 11, what is 73428 + -955?
72583
In base 6, what is -55044 + -1001222?
-1100310
In base 8, what is 356202522 - -1?
356202523
In base 9, what is 227433355 - -5?
227433361
In base 6, what is -130523 + 5555?
-120524
In base 3, what is 111222012012 - 110011?
111221202001
In base 12, what is 2 + a8b749?
a8b74b
In base 11, what is -426 + -939490?
-939906
In base 9, what is -3 - -442167535?
442167532
In base 3, what is -101221122122 - -2221?
-101221112201
In base 3, what is 201000 - 1012102122100?
-1012101221100
In base 6, what is 20021241 + 3?
20021244
In base 3, what is -1100111 - 10002200020?
-10011000201
In base 7, what is -60 - -442433553?
442433463
In base 10, what is -21 + -57464?
-57485
In base 6, what is 10 + 3322430014?
3322430024
In base 16, what is 1c456 + -1255?
1b201
In base 15, what is -1933 - -5e62?
452e
In base 9, what is -428175 + 545?
-427530
In base 15, what is 7585c7d0 - 3?
7585c7cc
In base 8, what is 4036 + 30660?
34716
In base 12, what is -606 - 2454?
-2a5a
In base 8, what is -50723 + -2455?
-53400
In base 9, what is 278853 - 142?
278711
In base 9, what is -4 - 161746335?
-161746340
In base 12, what is -2604617 + -61?
-2604678
In base 15, what is -39cd240 + 5?
-39cd23a
In base 10, what is -1684057831 - -5?
-1684057826
In base 9, what is 1550564460 + -4?
1550564455
In base 3, what is 10001 + -2220000100111?
-2220000020110
In base 9, what is 777816 + -68?
777737
In base 3, what is -211201001210011 - -221?
-211201001202020
In base 13, what is 350ca + -96?
35034
In base 15, what is -14 + -ae5486?
-ae549a
In base 9, what is -4 - 5412238?
-5412243
In base 8, what is 414311 + -250?
414041
In base 10, what is -2291252 + -48?
-2291300
In base 3, what is -10121111022120002 - 12?
-10121111022120021
In base 16, what is -e0 - 5d2c3?
-5d3a3
In base 14, what is -2a7c9 - -33c?
-2a48b
In base 13, what is -8b0656 + 24?
-8b0632
In base 3, what is 2121021102102211110 - 12?
2121021102102211021
In base 12, what is -57a03048 + 0?
-57a03048
In base 3, what is 100200112 + -2212110?
20211002
In base 4, what is 0 + -13112000?
-13112000
In base 8, what is -4 + -621230670?
-621230674
In base 11, what is -94897 - -8a?
-94808
In base 8, what is -5 + 54272164?
54272157
In base 13, what is 150025c + c?
150026b
In base 16, what is -14b7391 + 2?
-14b738f
In base 10, what is -4 - 6515463?
-6515467
In base 14, what is 330b2 - 1c4?
32ccc
In base 4, what is 113323 + 110012?
230001
In base 14, what is 4 - -2d81ad8?
2d81adc
In base 13, what is -3 + -2a8b292?
-2a8b295
In base 13, what is -37a57